{"id":66174,"date":"2015-06-09T14:28:53","date_gmt":"2015-06-09T12:28:53","guid":{"rendered":"http:\/\/slovaklinesmagazin.sk\/cms\/wp-content\/uploads\/2015\/06\/F.-Renza-Kr\u00e1lovsk\u00e1-kaple-sv.-V\u00e1clava-a-Ladislava-ve-Vla\u0161sk\u00e9m-dvo\u0159e.jpg"},"modified":"2015-06-09T14:28:53","modified_gmt":"2015-06-09T12:28:53","slug":"f-renza-kralovska-kaple-sv-vaclava-a-ladislava-ve-vlasskem-dvore","status":"inherit","type":"attachment","link":"https:\/\/www.slovaklinesmagazin.sk\/cms\/2015\/07\/kutna-hora-strieborny-klenot-medzi-ceskymi-mestami-sutaz\/f-renza-kralovska-kaple-sv-vaclava-a-ladislava-ve-vlasskem-dvore\/","title":{"rendered":"F. Renza &#8211; Kr\u00e1lovsk\u00e1 kaple sv. V\u00e1clava a Ladislava ve Vla\u0161sk\u00e9m dvo\u0159e"},"author":7,"featured_media":0,"comment_status":"closed","ping_status":"closed","template":"","meta":[],"class_list":["post-66174","attachment","type-attachment","status-inherit","hentry","eq-blocks"],"description":{"rendered":"<p class=\"attachment\"><a href='https:\/\/www.slovaklinesmagazin.sk\/cms\/wp-content\/uploads\/2015\/06\/F.-Renza-Kr\u00e1lovsk\u00e1-kaple-sv.-V\u00e1clava-a-Ladislava-ve-Vla\u0161sk\u00e9m-dvo\u0159e.jpg'><img loading=\"lazy\" decoding=\"async\" width=\"300\" height=\"200\" src=\"https:\/\/www.slovaklinesmagazin.sk\/cms\/wp-content\/uploads\/2015\/06\/F.-Renza-Kr\u00e1lovsk\u00e1-kaple-sv.-V\u00e1clava-a-Ladislava-ve-Vla\u0161sk\u00e9m-dvo\u0159e-300x200.jpg\" class=\"attachment-medium size-medium\" alt=\"\" srcset=\"https:\/\/www.slovaklinesmagazin.sk\/cms\/wp-content\/uploads\/2015\/06\/F.-Renza-Kr\u00e1lovsk\u00e1-kaple-sv.-V\u00e1clava-a-Ladislava-ve-Vla\u0161sk\u00e9m-dvo\u0159e-300x200.jpg 300w, https:\/\/www.slovaklinesmagazin.sk\/cms\/wp-content\/uploads\/2015\/06\/F.-Renza-Kr\u00e1lovsk\u00e1-kaple-sv.-V\u00e1clava-a-Ladislava-ve-Vla\u0161sk\u00e9m-dvo\u0159e-304x202.jpg 304w, https:\/\/www.slovaklinesmagazin.sk\/cms\/wp-content\/uploads\/2015\/06\/F.-Renza-Kr\u00e1lovsk\u00e1-kaple-sv.-V\u00e1clava-a-Ladislava-ve-Vla\u0161sk\u00e9m-dvo\u0159e-296x197.jpg 296w, https:\/\/www.slovaklinesmagazin.sk\/cms\/wp-content\/uploads\/2015\/06\/F.-Renza-Kr\u00e1lovsk\u00e1-kaple-sv.-V\u00e1clava-a-Ladislava-ve-Vla\u0161sk\u00e9m-dvo\u0159e.jpg 850w\" sizes=\"auto, (max-width: 300px) 100vw, 300px\" \/><\/a><\/p>\n"},"caption":{"rendered":""},"alt_text":"","media_type":"image","mime_type":"image\/jpeg","media_details":{"width":850,"height":566,"file":"2015\/06\/F.-Renza-Kr\u00e1lovsk\u00e1-kaple-sv.-V\u00e1clava-a-Ladislava-ve-Vla\u0161sk\u00e9m-dvo\u0159e.jpg","sizes":{"thumbnail":{"file":"F.-Renza-Kr\u00e1lovsk\u00e1-kaple-sv.-V\u00e1clava-a-Ladislava-ve-Vla\u0161sk\u00e9m-dvo\u0159e-150x150.jpg","width":150,"height":150,"mime_type":"image\/jpeg","source_url":"https:\/\/www.slovaklinesmagazin.sk\/cms\/wp-content\/uploads\/2015\/06\/F.-Renza-Kr\u00e1lovsk\u00e1-kaple-sv.-V\u00e1clava-a-Ladislava-ve-Vla\u0161sk\u00e9m-dvo\u0159e-150x150.jpg"},"medium":{"file":"F.-Renza-Kr\u00e1lovsk\u00e1-kaple-sv.-V\u00e1clava-a-Ladislava-ve-Vla\u0161sk\u00e9m-dvo\u0159e-300x200.jpg","width":300,"height":200,"mime_type":"image\/jpeg","source_url":"https:\/\/www.slovaklinesmagazin.sk\/cms\/wp-content\/uploads\/2015\/06\/F.-Renza-Kr\u00e1lovsk\u00e1-kaple-sv.-V\u00e1clava-a-Ladislava-ve-Vla\u0161sk\u00e9m-dvo\u0159e-300x200.jpg"},"thumbs":{"file":"F.-Renza-Kr\u00e1lovsk\u00e1-kaple-sv.-V\u00e1clava-a-Ladislava-ve-Vla\u0161sk\u00e9m-dvo\u0159e-304x202.jpg","width":304,"height":202,"mime_type":"image\/jpeg","source_url":"https:\/\/www.slovaklinesmagazin.sk\/cms\/wp-content\/uploads\/2015\/06\/F.-Renza-Kr\u00e1lovsk\u00e1-kaple-sv.-V\u00e1clava-a-Ladislava-ve-Vla\u0161sk\u00e9m-dvo\u0159e-304x202.jpg"},"slidebar-big":{"file":"F.-Renza-Kr\u00e1lovsk\u00e1-kaple-sv.-V\u00e1clava-a-Ladislava-ve-Vla\u0161sk\u00e9m-dvo\u0159e-310x375.jpg","width":310,"height":375,"mime_type":"image\/jpeg","source_url":"https:\/\/www.slovaklinesmagazin.sk\/cms\/wp-content\/uploads\/2015\/06\/F.-Renza-Kr\u00e1lovsk\u00e1-kaple-sv.-V\u00e1clava-a-Ladislava-ve-Vla\u0161sk\u00e9m-dvo\u0159e-310x375.jpg"},"slidebar-small":{"file":"F.-Renza-Kr\u00e1lovsk\u00e1-kaple-sv.-V\u00e1clava-a-Ladislava-ve-Vla\u0161sk\u00e9m-dvo\u0159e-145x105.jpg","width":145,"height":105,"mime_type":"image\/jpeg","source_url":"https:\/\/www.slovaklinesmagazin.sk\/cms\/wp-content\/uploads\/2015\/06\/F.-Renza-Kr\u00e1lovsk\u00e1-kaple-sv.-V\u00e1clava-a-Ladislava-ve-Vla\u0161sk\u00e9m-dvo\u0159e-145x105.jpg"},"post-size":{"file":"F.-Renza-Kr\u00e1lovsk\u00e1-kaple-sv.-V\u00e1clava-a-Ladislava-ve-Vla\u0161sk\u00e9m-dvo\u0159e-296x197.jpg","width":296,"height":197,"mime_type":"image\/jpeg","source_url":"https:\/\/www.slovaklinesmagazin.sk\/cms\/wp-content\/uploads\/2015\/06\/F.-Renza-Kr\u00e1lovsk\u00e1-kaple-sv.-V\u00e1clava-a-Ladislava-ve-Vla\u0161sk\u00e9m-dvo\u0159e-296x197.jpg"},"full":{"file":"F.-Renza-Kr\u00e1lovsk\u00e1-kaple-sv.-V\u00e1clava-a-Ladislava-ve-Vla\u0161sk\u00e9m-dvo\u0159e.jpg","width":850,"height":566,"mime_type":"image\/jpeg","source_url":"https:\/\/www.slovaklinesmagazin.sk\/cms\/wp-content\/uploads\/2015\/06\/F.-Renza-Kr\u00e1lovsk\u00e1-kaple-sv.-V\u00e1clava-a-Ladislava-ve-Vla\u0161sk\u00e9m-dvo\u0159e.jpg"}},"image_meta":{"aperture":9,"credit":"","camera":"Canon EOS 5D Mark III","caption":"","created_timestamp":1347023262,"copyright":"","focal_length":"15","iso":"100","shutter_speed":0,"title":"","orientation":0}},"post":66162,"source_url":"https:\/\/www.slovaklinesmagazin.sk\/cms\/wp-content\/uploads\/2015\/06\/F.-Renza-Kr\u00e1lovsk\u00e1-kaple-sv.-V\u00e1clava-a-Ladislava-ve-Vla\u0161sk\u00e9m-dvo\u0159e.jpg","_links":{"self":[{"href":"https:\/\/www.slovaklinesmagazin.sk\/cms\/wp-json\/wp\/v2\/media\/66174","targetHints":{"allow":["GET"]}}],"collection":[{"href":"https:\/\/www.slovaklinesmagazin.sk\/cms\/wp-json\/wp\/v2\/media"}],"about":[{"href":"https:\/\/www.slovaklinesmagazin.sk\/cms\/wp-json\/wp\/v2\/types\/attachment"}],"author":[{"embeddable":true,"href":"https:\/\/www.slovaklinesmagazin.sk\/cms\/wp-json\/wp\/v2\/users\/7"}],"replies":[{"embeddable":true,"href":"https:\/\/www.slovaklinesmagazin.sk\/cms\/wp-json\/wp\/v2\/comments?post=66174"}],"wp:attached-to":[{"embeddable":true,"post_type":"post","id":66162,"href":"https:\/\/www.slovaklinesmagazin.sk\/cms\/wp-json\/wp\/v2\/posts\/66162"}],"curies":[{"name":"wp","href":"https:\/\/api.w.org\/{rel}","templated":true}]}}

http://slovaklinesmagazin.sk/cms/wp-content/uploads/2015/06/F.-Renza-Královská-kaple-sv.-Václava-a-Ladislava-ve-Vlašském-dvoře.jpg

F. Renza &#8211; Královská kaple sv. Václava a Ladislava ve Vlašském dvoře

<p class="attachment"><a href='https://www.slovaklinesmagazin.sk/cms/wp-content/uploads/2015/06/F.-Renza-Královská-kaple-sv.-Václava-a-Ladislava-ve-Vlašském-dvoře.jpg'><img loading="lazy" decoding="async" width="300" height="200" src="https://www.slovaklinesmagazin.sk/cms/wp-content/uploads/2015/06/F.-Renza-Královská-kaple-sv.-Václava-a-Ladislava-ve-Vlašském-dvoře-300x200.jpg" class="attachment-medium size-medium" alt="" srcset="https://www.slovaklinesmagazin.sk/cms/wp-content/uploads/2015/06/F.-Renza-Královská-kaple-sv.-Václava-a-Ladislava-ve-Vlašském-dvoře-300x200.jpg 300w, https://www.slovaklinesmagazin.sk/cms/wp-content/uploads/2015/06/F.-Renza-Královská-kaple-sv.-Václava-a-Ladislava-ve-Vlašském-dvoře-304x202.jpg 304w, https://www.slovaklinesmagazin.sk/cms/wp-content/uploads/2015/06/F.-Renza-Královská-kaple-sv.-Václava-a-Ladislava-ve-Vlašském-dvoře-296x197.jpg 296w, https://www.slovaklinesmagazin.sk/cms/wp-content/uploads/2015/06/F.-Renza-Královská-kaple-sv.-Václava-a-Ladislava-ve-Vlašském-dvoře.jpg 850w" sizes="auto, (max-width: 300px) 100vw, 300px" /></a></p>

2015/06/F.-Renza-Královská-kaple-sv.-Václava-a-Ladislava-ve-Vlašském-dvoře.jpg

F.-Renza-Královská-kaple-sv.-Václava-a-Ladislava-ve-Vlašském-dvoře-150x150.jpg

https://www.slovaklinesmagazin.sk/cms/wp-content/uploads/2015/06/F.-Renza-Královská-kaple-sv.-Václava-a-Ladislava-ve-Vlašském-dvoře-150x150.jpg

F.-Renza-Královská-kaple-sv.-Václava-a-Ladislava-ve-Vlašském-dvoře-300x200.jpg

https://www.slovaklinesmagazin.sk/cms/wp-content/uploads/2015/06/F.-Renza-Královská-kaple-sv.-Václava-a-Ladislava-ve-Vlašském-dvoře-300x200.jpg

F.-Renza-Královská-kaple-sv.-Václava-a-Ladislava-ve-Vlašském-dvoře-304x202.jpg

https://www.slovaklinesmagazin.sk/cms/wp-content/uploads/2015/06/F.-Renza-Královská-kaple-sv.-Václava-a-Ladislava-ve-Vlašském-dvoře-304x202.jpg

F.-Renza-Královská-kaple-sv.-Václava-a-Ladislava-ve-Vlašském-dvoře-310x375.jpg

https://www.slovaklinesmagazin.sk/cms/wp-content/uploads/2015/06/F.-Renza-Královská-kaple-sv.-Václava-a-Ladislava-ve-Vlašském-dvoře-310x375.jpg

F.-Renza-Královská-kaple-sv.-Václava-a-Ladislava-ve-Vlašském-dvoře-145x105.jpg

https://www.slovaklinesmagazin.sk/cms/wp-content/uploads/2015/06/F.-Renza-Královská-kaple-sv.-Václava-a-Ladislava-ve-Vlašském-dvoře-145x105.jpg

F.-Renza-Královská-kaple-sv.-Václava-a-Ladislava-ve-Vlašském-dvoře-296x197.jpg

https://www.slovaklinesmagazin.sk/cms/wp-content/uploads/2015/06/F.-Renza-Královská-kaple-sv.-Václava-a-Ladislava-ve-Vlašském-dvoře-296x197.jpg

F.-Renza-Královská-kaple-sv.-Václava-a-Ladislava-ve-Vlašském-dvoře.jpg

https://www.slovaklinesmagazin.sk/cms/wp-content/uploads/2015/06/F.-Renza-Královská-kaple-sv.-Václava-a-Ladislava-ve-Vlašském-dvoře.jpg
