{"id":83921,"date":"2019-06-06T12:46:49","date_gmt":"2019-06-06T10:46:49","guid":{"rendered":"https:\/\/slovaklinesmagazin.sk\/cms\/wp-content\/uploads\/2019\/06\/Brno-Zelny_trh_FOTO-Gabzdyl-Statut\u00e1rn\u00ed-m\u011bsto-Brno-2.jpg"},"modified":"2019-06-06T13:03:13","modified_gmt":"2019-06-06T11:03:13","slug":"brno-zelny_trh_foto-gabzdyl-statutarni-mesto-brno-2","status":"inherit","type":"attachment","link":"https:\/\/www.slovaklinesmagazin.sk\/cms\/2019\/06\/juzna-morava-sused-ktory-stoji-za-navstevu\/brno-zelny_trh_foto-gabzdyl-statutarni-mesto-brno-2\/","title":{"rendered":"Brno-Zelny_trh_FOTO Gabzdyl, Statut\u00e1rn\u00ed m\u011bsto Brno (2)"},"author":7,"featured_media":0,"comment_status":"closed","ping_status":"closed","template":"","meta":[],"class_list":["post-83921","attachment","type-attachment","status-inherit","hentry","eq-blocks"],"description":{"rendered":"<p class=\"attachment\"><a href='https:\/\/www.slovaklinesmagazin.sk\/cms\/wp-content\/uploads\/2019\/06\/Brno-Zelny_trh_FOTO-Gabzdyl-Statut\u00e1rn\u00ed-m\u011bsto-Brno-2.jpg'><img loading=\"lazy\" decoding=\"async\" width=\"300\" height=\"169\" src=\"https:\/\/www.slovaklinesmagazin.sk\/cms\/wp-content\/uploads\/2019\/06\/Brno-Zelny_trh_FOTO-Gabzdyl-Statut\u00e1rn\u00ed-m\u011bsto-Brno-2-300x169.jpg\" class=\"attachment-medium size-medium\" alt=\"\" srcset=\"https:\/\/www.slovaklinesmagazin.sk\/cms\/wp-content\/uploads\/2019\/06\/Brno-Zelny_trh_FOTO-Gabzdyl-Statut\u00e1rn\u00ed-m\u011bsto-Brno-2-300x169.jpg 300w, https:\/\/www.slovaklinesmagazin.sk\/cms\/wp-content\/uploads\/2019\/06\/Brno-Zelny_trh_FOTO-Gabzdyl-Statut\u00e1rn\u00ed-m\u011bsto-Brno-2-768x432.jpg 768w, https:\/\/www.slovaklinesmagazin.sk\/cms\/wp-content\/uploads\/2019\/06\/Brno-Zelny_trh_FOTO-Gabzdyl-Statut\u00e1rn\u00ed-m\u011bsto-Brno-2-1024x576.jpg 1024w, https:\/\/www.slovaklinesmagazin.sk\/cms\/wp-content\/uploads\/2019\/06\/Brno-Zelny_trh_FOTO-Gabzdyl-Statut\u00e1rn\u00ed-m\u011bsto-Brno-2-600x338.jpg 600w, https:\/\/www.slovaklinesmagazin.sk\/cms\/wp-content\/uploads\/2019\/06\/Brno-Zelny_trh_FOTO-Gabzdyl-Statut\u00e1rn\u00ed-m\u011bsto-Brno-2-304x171.jpg 304w, https:\/\/www.slovaklinesmagazin.sk\/cms\/wp-content\/uploads\/2019\/06\/Brno-Zelny_trh_FOTO-Gabzdyl-Statut\u00e1rn\u00ed-m\u011bsto-Brno-2-296x167.jpg 296w, https:\/\/www.slovaklinesmagazin.sk\/cms\/wp-content\/uploads\/2019\/06\/Brno-Zelny_trh_FOTO-Gabzdyl-Statut\u00e1rn\u00ed-m\u011bsto-Brno-2.jpg 1920w\" sizes=\"auto, (max-width: 300px) 100vw, 300px\" \/><\/a><\/p>\n"},"caption":{"rendered":"<p>Ji\u017en\u00ed Morava: soused, kter\u00fd stoj\u00ed za n\u00e1v\u0161t\u011bvu<\/p>\n"},"alt_text":"","media_type":"image","mime_type":"image\/jpeg","media_details":{"width":1920,"height":1080,"file":"2019\/06\/Brno-Zelny_trh_FOTO-Gabzdyl-Statut\u00e1rn\u00ed-m\u011bsto-Brno-2.jpg","sizes":{"thumbnail":{"file":"Brno-Zelny_trh_FOTO-Gabzdyl-Statut\u00e1rn\u00ed-m\u011bsto-Brno-2-150x150.jpg","width":150,"height":150,"mime_type":"image\/jpeg","source_url":"https:\/\/www.slovaklinesmagazin.sk\/cms\/wp-content\/uploads\/2019\/06\/Brno-Zelny_trh_FOTO-Gabzdyl-Statut\u00e1rn\u00ed-m\u011bsto-Brno-2-150x150.jpg"},"medium":{"file":"Brno-Zelny_trh_FOTO-Gabzdyl-Statut\u00e1rn\u00ed-m\u011bsto-Brno-2-300x169.jpg","width":300,"height":169,"mime_type":"image\/jpeg","source_url":"https:\/\/www.slovaklinesmagazin.sk\/cms\/wp-content\/uploads\/2019\/06\/Brno-Zelny_trh_FOTO-Gabzdyl-Statut\u00e1rn\u00ed-m\u011bsto-Brno-2-300x169.jpg"},"medium_large":{"file":"Brno-Zelny_trh_FOTO-Gabzdyl-Statut\u00e1rn\u00ed-m\u011bsto-Brno-2-768x432.jpg","width":768,"height":432,"mime_type":"image\/jpeg","source_url":"https:\/\/www.slovaklinesmagazin.sk\/cms\/wp-content\/uploads\/2019\/06\/Brno-Zelny_trh_FOTO-Gabzdyl-Statut\u00e1rn\u00ed-m\u011bsto-Brno-2-768x432.jpg"},"large":{"file":"Brno-Zelny_trh_FOTO-Gabzdyl-Statut\u00e1rn\u00ed-m\u011bsto-Brno-2-1024x576.jpg","width":1024,"height":576,"mime_type":"image\/jpeg","source_url":"https:\/\/www.slovaklinesmagazin.sk\/cms\/wp-content\/uploads\/2019\/06\/Brno-Zelny_trh_FOTO-Gabzdyl-Statut\u00e1rn\u00ed-m\u011bsto-Brno-2-1024x576.jpg"},"wysija-newsletters-max":{"file":"Brno-Zelny_trh_FOTO-Gabzdyl-Statut\u00e1rn\u00ed-m\u011bsto-Brno-2-600x338.jpg","width":600,"height":338,"mime_type":"image\/jpeg","source_url":"https:\/\/www.slovaklinesmagazin.sk\/cms\/wp-content\/uploads\/2019\/06\/Brno-Zelny_trh_FOTO-Gabzdyl-Statut\u00e1rn\u00ed-m\u011bsto-Brno-2-600x338.jpg"},"thumbs":{"file":"Brno-Zelny_trh_FOTO-Gabzdyl-Statut\u00e1rn\u00ed-m\u011bsto-Brno-2-304x171.jpg","width":304,"height":171,"mime_type":"image\/jpeg","source_url":"https:\/\/www.slovaklinesmagazin.sk\/cms\/wp-content\/uploads\/2019\/06\/Brno-Zelny_trh_FOTO-Gabzdyl-Statut\u00e1rn\u00ed-m\u011bsto-Brno-2-304x171.jpg"},"slidebar-big":{"file":"Brno-Zelny_trh_FOTO-Gabzdyl-Statut\u00e1rn\u00ed-m\u011bsto-Brno-2-310x375.jpg","width":310,"height":375,"mime_type":"image\/jpeg","source_url":"https:\/\/www.slovaklinesmagazin.sk\/cms\/wp-content\/uploads\/2019\/06\/Brno-Zelny_trh_FOTO-Gabzdyl-Statut\u00e1rn\u00ed-m\u011bsto-Brno-2-310x375.jpg"},"slidebar-small":{"file":"Brno-Zelny_trh_FOTO-Gabzdyl-Statut\u00e1rn\u00ed-m\u011bsto-Brno-2-145x105.jpg","width":145,"height":105,"mime_type":"image\/jpeg","source_url":"https:\/\/www.slovaklinesmagazin.sk\/cms\/wp-content\/uploads\/2019\/06\/Brno-Zelny_trh_FOTO-Gabzdyl-Statut\u00e1rn\u00ed-m\u011bsto-Brno-2-145x105.jpg"},"post-size":{"file":"Brno-Zelny_trh_FOTO-Gabzdyl-Statut\u00e1rn\u00ed-m\u011bsto-Brno-2-296x167.jpg","width":296,"height":167,"mime_type":"image\/jpeg","source_url":"https:\/\/www.slovaklinesmagazin.sk\/cms\/wp-content\/uploads\/2019\/06\/Brno-Zelny_trh_FOTO-Gabzdyl-Statut\u00e1rn\u00ed-m\u011bsto-Brno-2-296x167.jpg"},"full":{"file":"Brno-Zelny_trh_FOTO-Gabzdyl-Statut\u00e1rn\u00ed-m\u011bsto-Brno-2.jpg","width":1920,"height":1080,"mime_type":"image\/jpeg","source_url":"https:\/\/www.slovaklinesmagazin.sk\/cms\/wp-content\/uploads\/2019\/06\/Brno-Zelny_trh_FOTO-Gabzdyl-Statut\u00e1rn\u00ed-m\u011bsto-Brno-2.jpg"}},"image_meta":{"aperture":"0","credit":"","camera":"","caption":"","created_timestamp":"0","copyright":"","focal_length":"0","iso":"0","shutter_speed":"0","title":"","orientation":"1","keywords":[]}},"post":83903,"source_url":"https:\/\/www.slovaklinesmagazin.sk\/cms\/wp-content\/uploads\/2019\/06\/Brno-Zelny_trh_FOTO-Gabzdyl-Statut\u00e1rn\u00ed-m\u011bsto-Brno-2.jpg","_links":{"self":[{"href":"https:\/\/www.slovaklinesmagazin.sk\/cms\/wp-json\/wp\/v2\/media\/83921","targetHints":{"allow":["GET"]}}],"collection":[{"href":"https:\/\/www.slovaklinesmagazin.sk\/cms\/wp-json\/wp\/v2\/media"}],"about":[{"href":"https:\/\/www.slovaklinesmagazin.sk\/cms\/wp-json\/wp\/v2\/types\/attachment"}],"author":[{"embeddable":true,"href":"https:\/\/www.slovaklinesmagazin.sk\/cms\/wp-json\/wp\/v2\/users\/7"}],"replies":[{"embeddable":true,"href":"https:\/\/www.slovaklinesmagazin.sk\/cms\/wp-json\/wp\/v2\/comments?post=83921"}],"wp:attached-to":[{"embeddable":true,"post_type":"post","id":83903,"href":"https:\/\/www.slovaklinesmagazin.sk\/cms\/wp-json\/wp\/v2\/posts\/83903"}],"curies":[{"name":"wp","href":"https:\/\/api.w.org\/{rel}","templated":true}]}}

https://slovaklinesmagazin.sk/cms/wp-content/uploads/2019/06/Brno-Zelny_trh_FOTO-Gabzdyl-Statutární-město-Brno-2.jpg

Brno-Zelny_trh_FOTO Gabzdyl, Statutární město Brno (2)

<p class="attachment"><a href='https://www.slovaklinesmagazin.sk/cms/wp-content/uploads/2019/06/Brno-Zelny_trh_FOTO-Gabzdyl-Statutární-město-Brno-2.jpg'><img loading="lazy" decoding="async" width="300" height="169" src="https://www.slovaklinesmagazin.sk/cms/wp-content/uploads/2019/06/Brno-Zelny_trh_FOTO-Gabzdyl-Statutární-město-Brno-2-300x169.jpg" class="attachment-medium size-medium" alt="" srcset="https://www.slovaklinesmagazin.sk/cms/wp-content/uploads/2019/06/Brno-Zelny_trh_FOTO-Gabzdyl-Statutární-město-Brno-2-300x169.jpg 300w, https://www.slovaklinesmagazin.sk/cms/wp-content/uploads/2019/06/Brno-Zelny_trh_FOTO-Gabzdyl-Statutární-město-Brno-2-768x432.jpg 768w, https://www.slovaklinesmagazin.sk/cms/wp-content/uploads/2019/06/Brno-Zelny_trh_FOTO-Gabzdyl-Statutární-město-Brno-2-1024x576.jpg 1024w, https://www.slovaklinesmagazin.sk/cms/wp-content/uploads/2019/06/Brno-Zelny_trh_FOTO-Gabzdyl-Statutární-město-Brno-2-600x338.jpg 600w, https://www.slovaklinesmagazin.sk/cms/wp-content/uploads/2019/06/Brno-Zelny_trh_FOTO-Gabzdyl-Statutární-město-Brno-2-304x171.jpg 304w, https://www.slovaklinesmagazin.sk/cms/wp-content/uploads/2019/06/Brno-Zelny_trh_FOTO-Gabzdyl-Statutární-město-Brno-2-296x167.jpg 296w, https://www.slovaklinesmagazin.sk/cms/wp-content/uploads/2019/06/Brno-Zelny_trh_FOTO-Gabzdyl-Statutární-město-Brno-2.jpg 1920w" sizes="auto, (max-width: 300px) 100vw, 300px" /></a></p>

<p>Jižní Morava: soused, který stojí za návštěvu</p>

2019/06/Brno-Zelny_trh_FOTO-Gabzdyl-Statutární-město-Brno-2.jpg

Brno-Zelny_trh_FOTO-Gabzdyl-Statutární-město-Brno-2-150x150.jpg

https://www.slovaklinesmagazin.sk/cms/wp-content/uploads/2019/06/Brno-Zelny_trh_FOTO-Gabzdyl-Statutární-město-Brno-2-150x150.jpg

Brno-Zelny_trh_FOTO-Gabzdyl-Statutární-město-Brno-2-300x169.jpg

https://www.slovaklinesmagazin.sk/cms/wp-content/uploads/2019/06/Brno-Zelny_trh_FOTO-Gabzdyl-Statutární-město-Brno-2-300x169.jpg

Brno-Zelny_trh_FOTO-Gabzdyl-Statutární-město-Brno-2-768x432.jpg

https://www.slovaklinesmagazin.sk/cms/wp-content/uploads/2019/06/Brno-Zelny_trh_FOTO-Gabzdyl-Statutární-město-Brno-2-768x432.jpg

Brno-Zelny_trh_FOTO-Gabzdyl-Statutární-město-Brno-2-1024x576.jpg

https://www.slovaklinesmagazin.sk/cms/wp-content/uploads/2019/06/Brno-Zelny_trh_FOTO-Gabzdyl-Statutární-město-Brno-2-1024x576.jpg

Brno-Zelny_trh_FOTO-Gabzdyl-Statutární-město-Brno-2-600x338.jpg

https://www.slovaklinesmagazin.sk/cms/wp-content/uploads/2019/06/Brno-Zelny_trh_FOTO-Gabzdyl-Statutární-město-Brno-2-600x338.jpg

Brno-Zelny_trh_FOTO-Gabzdyl-Statutární-město-Brno-2-304x171.jpg

https://www.slovaklinesmagazin.sk/cms/wp-content/uploads/2019/06/Brno-Zelny_trh_FOTO-Gabzdyl-Statutární-město-Brno-2-304x171.jpg

Brno-Zelny_trh_FOTO-Gabzdyl-Statutární-město-Brno-2-310x375.jpg

https://www.slovaklinesmagazin.sk/cms/wp-content/uploads/2019/06/Brno-Zelny_trh_FOTO-Gabzdyl-Statutární-město-Brno-2-310x375.jpg

Brno-Zelny_trh_FOTO-Gabzdyl-Statutární-město-Brno-2-145x105.jpg

https://www.slovaklinesmagazin.sk/cms/wp-content/uploads/2019/06/Brno-Zelny_trh_FOTO-Gabzdyl-Statutární-město-Brno-2-145x105.jpg

Brno-Zelny_trh_FOTO-Gabzdyl-Statutární-město-Brno-2-296x167.jpg

https://www.slovaklinesmagazin.sk/cms/wp-content/uploads/2019/06/Brno-Zelny_trh_FOTO-Gabzdyl-Statutární-město-Brno-2-296x167.jpg

Brno-Zelny_trh_FOTO-Gabzdyl-Statutární-město-Brno-2.jpg

https://www.slovaklinesmagazin.sk/cms/wp-content/uploads/2019/06/Brno-Zelny_trh_FOTO-Gabzdyl-Statutární-město-Brno-2.jpg
