{"id":83929,"date":"2019-06-06T12:48:03","date_gmt":"2019-06-06T10:48:03","guid":{"rendered":"https:\/\/slovaklinesmagazin.sk\/cms\/wp-content\/uploads\/2019\/06\/cyklo-vino-jizni-Morava_FOTO-David-Marvan-CzechTourism-5.jpg"},"modified":"2019-06-06T13:03:34","modified_gmt":"2019-06-06T11:03:34","slug":"cyklo-vinar-naleva-celek","status":"inherit","type":"attachment","link":"https:\/\/www.slovaklinesmagazin.sk\/cms\/2019\/06\/juzna-morava-sused-ktory-stoji-za-navstevu\/cyklo-vinar-naleva-celek\/","title":{"rendered":"Cyklo, vina\u0159 nal\u00e9v\u00e1, celek"},"author":7,"featured_media":0,"comment_status":"closed","ping_status":"closed","template":"","meta":[],"class_list":["post-83929","attachment","type-attachment","status-inherit","hentry","eq-blocks"],"description":{"rendered":"<p class=\"attachment\"><a href='https:\/\/www.slovaklinesmagazin.sk\/cms\/wp-content\/uploads\/2019\/06\/cyklo-vino-jizni-Morava_FOTO-David-Marvan-CzechTourism-5.jpg'><img loading=\"lazy\" decoding=\"async\" width=\"300\" height=\"187\" src=\"https:\/\/www.slovaklinesmagazin.sk\/cms\/wp-content\/uploads\/2019\/06\/cyklo-vino-jizni-Morava_FOTO-David-Marvan-CzechTourism-5-300x187.jpg\" class=\"attachment-medium size-medium\" alt=\"\" srcset=\"https:\/\/www.slovaklinesmagazin.sk\/cms\/wp-content\/uploads\/2019\/06\/cyklo-vino-jizni-Morava_FOTO-David-Marvan-CzechTourism-5-300x187.jpg 300w, https:\/\/www.slovaklinesmagazin.sk\/cms\/wp-content\/uploads\/2019\/06\/cyklo-vino-jizni-Morava_FOTO-David-Marvan-CzechTourism-5-768x479.jpg 768w, https:\/\/www.slovaklinesmagazin.sk\/cms\/wp-content\/uploads\/2019\/06\/cyklo-vino-jizni-Morava_FOTO-David-Marvan-CzechTourism-5-1024x639.jpg 1024w, https:\/\/www.slovaklinesmagazin.sk\/cms\/wp-content\/uploads\/2019\/06\/cyklo-vino-jizni-Morava_FOTO-David-Marvan-CzechTourism-5-600x374.jpg 600w, https:\/\/www.slovaklinesmagazin.sk\/cms\/wp-content\/uploads\/2019\/06\/cyklo-vino-jizni-Morava_FOTO-David-Marvan-CzechTourism-5-304x190.jpg 304w, https:\/\/www.slovaklinesmagazin.sk\/cms\/wp-content\/uploads\/2019\/06\/cyklo-vino-jizni-Morava_FOTO-David-Marvan-CzechTourism-5-296x185.jpg 296w\" sizes=\"auto, (max-width: 300px) 100vw, 300px\" \/><\/a><\/p>\n"},"caption":{"rendered":"<p>Ji\u017en\u00ed Morava: soused, kter\u00fd stoj\u00ed za n\u00e1v\u0161t\u011bvu<\/p>\n"},"alt_text":"","media_type":"image","mime_type":"image\/jpeg","media_details":{"width":3205,"height":2000,"file":"2019\/06\/cyklo-vino-jizni-Morava_FOTO-David-Marvan-CzechTourism-5.jpg","sizes":{"thumbnail":{"file":"cyklo-vino-jizni-Morava_FOTO-David-Marvan-CzechTourism-5-150x150.jpg","width":150,"height":150,"mime_type":"image\/jpeg","source_url":"https:\/\/www.slovaklinesmagazin.sk\/cms\/wp-content\/uploads\/2019\/06\/cyklo-vino-jizni-Morava_FOTO-David-Marvan-CzechTourism-5-150x150.jpg"},"medium":{"file":"cyklo-vino-jizni-Morava_FOTO-David-Marvan-CzechTourism-5-300x187.jpg","width":300,"height":187,"mime_type":"image\/jpeg","source_url":"https:\/\/www.slovaklinesmagazin.sk\/cms\/wp-content\/uploads\/2019\/06\/cyklo-vino-jizni-Morava_FOTO-David-Marvan-CzechTourism-5-300x187.jpg"},"medium_large":{"file":"cyklo-vino-jizni-Morava_FOTO-David-Marvan-CzechTourism-5-768x479.jpg","width":768,"height":479,"mime_type":"image\/jpeg","source_url":"https:\/\/www.slovaklinesmagazin.sk\/cms\/wp-content\/uploads\/2019\/06\/cyklo-vino-jizni-Morava_FOTO-David-Marvan-CzechTourism-5-768x479.jpg"},"large":{"file":"cyklo-vino-jizni-Morava_FOTO-David-Marvan-CzechTourism-5-1024x639.jpg","width":1024,"height":639,"mime_type":"image\/jpeg","source_url":"https:\/\/www.slovaklinesmagazin.sk\/cms\/wp-content\/uploads\/2019\/06\/cyklo-vino-jizni-Morava_FOTO-David-Marvan-CzechTourism-5-1024x639.jpg"},"wysija-newsletters-max":{"file":"cyklo-vino-jizni-Morava_FOTO-David-Marvan-CzechTourism-5-600x374.jpg","width":600,"height":374,"mime_type":"image\/jpeg","source_url":"https:\/\/www.slovaklinesmagazin.sk\/cms\/wp-content\/uploads\/2019\/06\/cyklo-vino-jizni-Morava_FOTO-David-Marvan-CzechTourism-5-600x374.jpg"},"thumbs":{"file":"cyklo-vino-jizni-Morava_FOTO-David-Marvan-CzechTourism-5-304x190.jpg","width":304,"height":190,"mime_type":"image\/jpeg","source_url":"https:\/\/www.slovaklinesmagazin.sk\/cms\/wp-content\/uploads\/2019\/06\/cyklo-vino-jizni-Morava_FOTO-David-Marvan-CzechTourism-5-304x190.jpg"},"slidebar-big":{"file":"cyklo-vino-jizni-Morava_FOTO-David-Marvan-CzechTourism-5-310x375.jpg","width":310,"height":375,"mime_type":"image\/jpeg","source_url":"https:\/\/www.slovaklinesmagazin.sk\/cms\/wp-content\/uploads\/2019\/06\/cyklo-vino-jizni-Morava_FOTO-David-Marvan-CzechTourism-5-310x375.jpg"},"slidebar-small":{"file":"cyklo-vino-jizni-Morava_FOTO-David-Marvan-CzechTourism-5-145x105.jpg","width":145,"height":105,"mime_type":"image\/jpeg","source_url":"https:\/\/www.slovaklinesmagazin.sk\/cms\/wp-content\/uploads\/2019\/06\/cyklo-vino-jizni-Morava_FOTO-David-Marvan-CzechTourism-5-145x105.jpg"},"post-size":{"file":"cyklo-vino-jizni-Morava_FOTO-David-Marvan-CzechTourism-5-296x185.jpg","width":296,"height":185,"mime_type":"image\/jpeg","source_url":"https:\/\/www.slovaklinesmagazin.sk\/cms\/wp-content\/uploads\/2019\/06\/cyklo-vino-jizni-Morava_FOTO-David-Marvan-CzechTourism-5-296x185.jpg"},"full":{"file":"cyklo-vino-jizni-Morava_FOTO-David-Marvan-CzechTourism-5.jpg","width":3205,"height":2000,"mime_type":"image\/jpeg","source_url":"https:\/\/www.slovaklinesmagazin.sk\/cms\/wp-content\/uploads\/2019\/06\/cyklo-vino-jizni-Morava_FOTO-David-Marvan-CzechTourism-5.jpg"}},"image_meta":{"aperture":"0","credit":"David Marvan","camera":"","caption":"","created_timestamp":"1382800990","copyright":"copyright:  David Marvan  603263861","focal_length":"0","iso":"0","shutter_speed":"0","title":"Cyklo, vina\u0159 nal\u00e9v\u00e1, celek","orientation":"0","keywords":[]}},"post":83903,"source_url":"https:\/\/www.slovaklinesmagazin.sk\/cms\/wp-content\/uploads\/2019\/06\/cyklo-vino-jizni-Morava_FOTO-David-Marvan-CzechTourism-5.jpg","_links":{"self":[{"href":"https:\/\/www.slovaklinesmagazin.sk\/cms\/wp-json\/wp\/v2\/media\/83929","targetHints":{"allow":["GET"]}}],"collection":[{"href":"https:\/\/www.slovaklinesmagazin.sk\/cms\/wp-json\/wp\/v2\/media"}],"about":[{"href":"https:\/\/www.slovaklinesmagazin.sk\/cms\/wp-json\/wp\/v2\/types\/attachment"}],"author":[{"embeddable":true,"href":"https:\/\/www.slovaklinesmagazin.sk\/cms\/wp-json\/wp\/v2\/users\/7"}],"replies":[{"embeddable":true,"href":"https:\/\/www.slovaklinesmagazin.sk\/cms\/wp-json\/wp\/v2\/comments?post=83929"}],"wp:attached-to":[{"embeddable":true,"post_type":"post","id":83903,"href":"https:\/\/www.slovaklinesmagazin.sk\/cms\/wp-json\/wp\/v2\/posts\/83903"}],"curies":[{"name":"wp","href":"https:\/\/api.w.org\/{rel}","templated":true}]}}

Cyklo, vinař nalévá, celek

<p>Jižní Morava: soused, který stojí za návštěvu</p>
