{"id":92988,"date":"2018-05-24T17:17:49","date_gmt":"2018-05-24T15:17:49","guid":{"rendered":"https:\/\/slovaklinesmagazin.sk\/cms\/?page_id=92988"},"modified":"2024-01-07T18:40:13","modified_gmt":"2024-01-07T16:40:13","slug":"gdpr","status":"publish","type":"page","link":"https:\/\/www.slovaklinesmagazin.sk\/cms\/gdpr\/","title":{"rendered":"Cookies a GDPR\/VPOU (v\u0161eobecn\u00e9 pravidl\u00e1 ochrany \u00fadajov)"},"content":{"rendered":"<p style=\"font-weight: 400;\">\u00davodn\u00e9 ustanovenia<\/p>\n<p style=\"font-weight: 400;\"><strong>Tento dokument (\u010falej iba \u201ePoriadok\u201c) ur\u010duje pravidl\u00e1 pou\u017e\u00edvania webov\u00fdch str\u00e1nok: www.slovaklinesmagazin.sk<\/strong><\/p>\n<p style=\"font-weight: 400;\">Prev\u00e1dzkovate\u013eom osobn\u00fdch \u00fadajov pou\u017e\u00edvate\u013eov \u2013 jednotlivcov poskytnut\u00fdch v s\u00favislosti s pou\u017e\u00edvan\u00edm webstr\u00e1nky je vydavate\u013e:<\/p>\n<p style=\"font-weight: 400;\">Victor &amp; Victor, Viktor Cicko. Sib\u00edrska 25, 83102 Bratislava. vydavate\u013estvo@slovaklinesmagazin.sk, viktor@pcspace.sk, 0905624873<\/p>\n<p style=\"font-weight: 400;\">Vydavate\u013e spracov\u00e1va zhroma\u017e\u010fovan\u00e9 osobn\u00e9 \u00fadaje v s\u00falade s ustanoveniami Nariadenia Eur\u00f3pskeho parlamentu a Rady (E\u00da) \u010d. 2016\/679 z 27. apr\u00edla 2016 o ochrane fyzick\u00fdch os\u00f4b pri sprac\u00favan\u00ed osobn\u00fdch \u00fadajov a o vo\u013enom pohybe tak\u00fdchto \u00fadajov, ktor\u00fdm sa zru\u0161uje smernica \u010d. 95\/46\/ES (v\u0161eobecn\u00e9 nariadenie o ochrane \u00fadajov) a \u010fal\u0161\u00edmi z\u00e1v\u00e4zn\u00fdmi pr\u00e1vnymi predpismi v oblasti ochrany osobn\u00fdch \u00fadajov.<\/p>\n<p style=\"font-weight: 400;\">Vydavate\u013e neposkytuje nadobudnut\u00e9 \u00fadaje \u017eiadnym in\u00fdm spolo\u010dnostiam \u010di osob\u00e1m; z\u00e1rove\u0148 t\u00fdmto informujeme, \u017ee na z\u00e1klade platn\u00fdch pr\u00e1vnych predpisov n\u00e1s m\u00f4\u017eu opr\u00e1vnen\u00e9 \u0161t\u00e1tne org\u00e1ny po\u017eiada\u0165 o spr\u00edstupnenie \u00fadajov, vr\u00e1tane IP adresy pou\u017e\u00edvate\u013ea webov\u00fdch str\u00e1nok.<\/p>\n<p style=\"font-weight: 400;\">Vydavate\u013e si vyhradzuje pr\u00e1vo zmeni\u0165 poriadok. Obsah zmien poriadku bude ozn\u00e1men\u00fd pou\u017e\u00edvate\u013eom prostredn\u00edctvom zverejnenia spr\u00e1vy o zmene poriadku na hlavnej str\u00e1nke predmetnej webstr\u00e1nky, kde bude ponechan\u00fd najmenej 14 dn\u00ed od zverejnenia.<\/p>\n<p style=\"font-weight: 400;\">Ako a na \u010do pou\u017e\u00edvame \u00fadaje pou\u017e\u00edvate\u013eov webov\u00fdch str\u00e1nok<\/p>\n<p style=\"font-weight: 400;\">Vydavate\u013e vyu\u017e\u00edva nasledovn\u00e9 webov\u00e9 technol\u00f3gie, ktor\u00e9 s\u00fa nevyhnutn\u00e9 pre bezpe\u010dn\u00e9 a plnohodnotn\u00e9 vyu\u017e\u00edvanie webov\u00fdch str\u00e1nok; a ktor\u00e9 \u010fal\u0161\u00edm pou\u017e\u00edvan\u00edm webstr\u00e1nok akceptujete v plnom rozsahu:<\/p>\n<p style=\"font-weight: 400;\"><strong>1) Analytick\u00e9 n\u00e1stroje pre monitoring n\u00e1v\u0161tevnosti<\/strong><\/p>\n<p style=\"font-weight: 400;\"><strong>2) Cookies<\/strong><\/p>\n<p style=\"font-weight: 400;\"><strong>3) Reklamn\u00e9 syst\u00e9my (moment\u00e1lne sa nepou\u017e\u00edva)<\/strong><\/p>\n<p style=\"font-weight: 400;\"><strong>4) Facebook<\/strong><\/p>\n<p style=\"font-weight: 400;\"><strong>5) Newsletter (moment\u00e1lne sa nepou\u017e\u00edva)<\/strong><\/p>\n<p>&nbsp;<\/p>\n<p>&nbsp;<\/p>\n<p style=\"font-weight: 400;\">1) Analytick\u00e9 n\u00e1stroje pre monitoring n\u00e1v\u0161tevnosti<\/p>\n<p style=\"font-weight: 400;\">Na analytiku sledovanosti na\u0161ich webstr\u00e1nok vyu\u017e\u00edvame analytick\u00fd n\u00e1stroj Google Analytics.<br \/>\nPrev\u00e1dzkovate\u013eom tejto slu\u017eby je spolo\u010dnos\u0165 Google Inc., ktor\u00e1 aj zhroma\u017e\u010fuje v\u0161etky \u00fadaje spojen\u00e9 s funk\u010dnos\u0165ou slu\u017eby.<\/p>\n<p style=\"font-weight: 400;\">Inform\u00e1cie sa zhroma\u017e\u010fuj\u00fa automaticky a pou\u017e\u00edvaj\u00fa sa na riadenie konkr\u00e9tnych webov\u00fdch technol\u00f3gi\u00ed, identifik\u00e1ciu pr\u00edpadn\u00fdch bezpe\u010dnostn\u00fdch riz\u00edk, sk\u00famanie pohybu pou\u017e\u00edvate\u013eov v r\u00e1mci webstr\u00e1nky a na \u0161tatistick\u00e9 \u00fa\u010dely, vr\u00e1tane pou\u017eitia n\u00e1stroja Google Analytics, napr. o regi\u00f3ne, z ktor\u00e9ho do\u0161lo k pripojeniu, IP \u010d\u00edsle, d\u00e1tume a \u010dase pripojenia, o zdroji a po\u010dte pripojen\u00ed, po\u010dte otv\u00e1ran\u00fdch odkazov newslettera. Tieto inform\u00e1cie sa nijak\u00fdm sp\u00f4sobom nesp\u00e1jaj\u00fa s osobn\u00fdmi \u00fadajmi pou\u017e\u00edvate\u013ea a nepou\u017e\u00edvaj\u00fa sa na identifik\u00e1ciu toto\u017enosti pou\u017e\u00edvate\u013ea. Rozsah automaticky zhroma\u017e\u010fovan\u00fdch inform\u00e1ci\u00ed z\u00e1vis\u00ed od nastavenia internetov\u00e9ho prehliada\u010da pou\u017e\u00edvate\u013ea. Pou\u017e\u00edvate\u013e by si mal skontrolova\u0165 nastavenia svojho prehliada\u010da, aby zistil, ak\u00e9 inform\u00e1cie prehliada\u010d spr\u00edstup\u0148uje automaticky, alebo aby zmenil tieto nastavenia. V tejto s\u00favislosti odpor\u00fa\u010dame pre\u010d\u00edta\u0165 si obsah v sekcii \u201ePomocn\u00edk\u201c v internetovom prehliada\u010di.<\/p>\n<p>&nbsp;<\/p>\n<p style=\"font-weight: 400;\">2) Cookies<\/p>\n<p style=\"font-weight: 400;\">Cookies s\u00fa s\u00fabory, ktor\u00e9 do internetov\u00e9ho termin\u00e1lu posielaj\u00fa a ukladaj\u00fa webov\u00e9 str\u00e1nky, ktor\u00e9 nav\u0161tevujete. Tieto s\u00fabory zaberaj\u00fa minimum pam\u00e4te a s\u00fa celkom ne\u0161kodn\u00e9. Ak webov\u00fa str\u00e1nku nav\u0161t\u00edvite opakovane, internetov\u00fd prehliada\u010d znovu na\u010d\u00edta ulo\u017een\u00e9 s\u00fabory cookies a odo\u0161le ich sp\u00e4\u0165 webovej str\u00e1nke alebo prvku, ktor\u00fd p\u00f4vodn\u00fd s\u00fabor cookie vytvoril. V\u010faka tomu nemus\u00edte v\u017edy zad\u00e1va\u0165 rovnak\u00e9 nastavenia alebo op\u00e4\u0165 na\u010d\u00edtava\u0165 cel\u00fd obsah webstr\u00e1nok, ktor\u00fd sa u\u017e raz na\u010d\u00edtal predt\u00fdm.<\/p>\n<p style=\"font-weight: 400;\">Na\u0161e webov\u00e9 str\u00e1nky pou\u017e\u00edvaj\u00fa s\u00fabory cookies pre \u00fa\u010del zabezpe\u010denia ich funk\u010dnosti (tzv. Essential cookies), s\u00fabory cookies pre analytick\u00e9 funkcie pre monitoring sledovanosti a \u010falej s\u00fabory cookies pre \u00fa\u010del zobrazovania relevantnej reklamy. D\u00e1ta, ktor\u00e9 spracov\u00e1vame na z\u00e1klade s\u00faborov cookies, s\u00fa anonymn\u00e9, v \u017eiadnom pr\u00edpade neodha\u013euj\u00fa toto\u017enos\u0165 n\u00e1v\u0161tevn\u00edka. K t\u00fdmto s\u00faborom nem\u00e1me \u017eiadny pr\u00edstup, preto\u017ee pri reklam\u00e1ch a anal\u00fdze n\u00e1v\u0161tevnosti ich automatick\u00fdmi procesmi vyu\u017e\u00edvaj\u00fa spolo\u010dnosti Google a Facebook.<\/p>\n<p style=\"font-weight: 400;\">S\u00fabory cookie m\u00f4\u017ee u\u017e\u00edvate\u013e spravova\u0165 vo vlastnom internetovom prehliada\u010di. N\u00e1vody na zak\u00e1zanie alebo povolenie s\u00faborov cookies n\u00e1jdete v menu Mo\u017enosti alebo N\u00e1stroje. V internetovom prehliada\u010di m\u00e1te mo\u017enos\u0165 spravova\u0165 s\u00fabory cookies t\u00fdkaj\u00face sa z\u00e1kladn\u00fdch funkci\u00ed, zlep\u0161ovania webovej str\u00e1nky, prisp\u00f4sobovania a reklamy. Zak\u00e1zanie s\u00faborov cookies sp\u00f4sob\u00ed, \u017ee nebudete m\u00f4c\u0165 pou\u017e\u00edva\u0165 ur\u010dit\u00e9 z\u00e1kladn\u00e9 funkcie webov\u00fdch str\u00e1nok.<\/p>\n<p style=\"font-weight: 400;\">Platnos\u0165 s\u00faborov typu \u201esession cookies\u201c vypr\u0161\u00ed okam\u017eite po zatvoren\u00ed internetov\u00e9ho prehliada\u010da. Trval\u00e9 s\u00fabory cookie, vr\u00e1tane lok\u00e1lnej pr\u00edstupn\u00fdch objektov (\u201eFlash cookies\u201c), maj\u00fa platnos\u0165 nieko\u013eko dn\u00ed, t\u00fd\u017ed\u0148ov a mesiacov pod\u013ea ich \u00fa\u010delu.<\/p>\n<p>&nbsp;<\/p>\n<p style=\"font-weight: 400;\">3) Reklamn\u00e9 syst\u00e9my<\/p>\n<p style=\"font-weight: 400;\">Na zobrazovanie relevantn\u00fdch rekl\u00e1m na\u0161ich webstr\u00e1nok vyu\u017e\u00edvame reklamn\u00fd online syst\u00e9m Google Ads.<br \/>\nPrev\u00e1dzkovate\u013eom tejto slu\u017eby je spolo\u010dnos\u0165 Google Inc., ktor\u00e1 aj zhroma\u017e\u010fuje v\u0161etky \u00fadaje spojen\u00e9 s funk\u010dnos\u0165ou slu\u017eby.<\/p>\n<p style=\"font-weight: 400;\">Inform\u00e1cie sa zhroma\u017e\u010fuj\u00fa automaticky a pou\u017e\u00edvaj\u00fa sa na relevantn\u00e9 zobrazovanie rekl\u00e1m v r\u00e1mci reklamnej siete Google Ads, respekt\u00edve \u010fal\u0161\u00edch, ktor\u00e9 v r\u00e1mci slu\u017eby prev\u00e1dzkuje spolo\u010dnos\u0165 Google Inc. Za princ\u00edpy funk\u010dnosti relevantn\u00e9ho zobrazovania rekl\u00e1m zodpoved\u00e1 v\u00fdhradne a jedine spolo\u010dnos\u0165 Google Inc. bez akejko\u013evek mo\u017enosti nahliadania \u010di in\u00e9ho spracovania \u00fadajov prev\u00e1dzkovate\u013eom tejto webovej str\u00e1nky.<\/p>\n<p style=\"font-weight: 400;\">Tieto inform\u00e1cie sa nijak\u00fdm sp\u00f4sobom nesp\u00e1jaj\u00fa s osobn\u00fdmi \u00fadajmi pou\u017e\u00edvate\u013ea a nepou\u017e\u00edvaj\u00fa sa na identifik\u00e1ciu toto\u017enosti pou\u017e\u00edvate\u013ea. Rozsah automaticky zhroma\u017e\u010fovan\u00fdch inform\u00e1ci\u00ed z\u00e1vis\u00ed od nastavenia internetov\u00e9ho prehliada\u010da pou\u017e\u00edvate\u013ea. Pou\u017e\u00edvate\u013e by si mal skontrolova\u0165 nastavenia svojho prehliada\u010da, aby zistil, ak\u00e9 inform\u00e1cie prehliada\u010d spr\u00edstup\u0148uje automaticky, alebo aby zmenil tieto nastavenia. V tejto s\u00favislosti odpor\u00fa\u010dame pre\u010d\u00edta\u0165 si obsah v sekcii \u201ePomocn\u00edk\u201c v internetovom prehliada\u010di.<\/p>\n<p>&nbsp;<\/p>\n<p style=\"font-weight: 400;\">4) Integr\u00e1cia Facebooku na webov\u00fdch str\u00e1nkach<\/p>\n<p style=\"font-weight: 400;\">Na webov\u00fdch str\u00e1nkach vyu\u017e\u00edvame technol\u00f3gie spolo\u010dnosti Facebook, konkr\u00e9tne:<br \/>\nFacebook likebox \u2013 okno, prostredn\u00edctvom ktor\u00e9ho je mo\u017en\u00e9 sta\u0165 sa odberate\u013eom pr\u00edslu\u0161nej str\u00e1nky na soci\u00e1lnej sieti Facebook. Pre riadne pou\u017e\u00edvanie tejto technol\u00f3gie nezhroma\u017e\u010fujeme \u017eiadna d\u00e1ta o pou\u017e\u00edvate\u013eoch, tieto \u00fadaje spracov\u00e1va v r\u00e1mci vlastn\u00fdch obchodn\u00fdch podmienok spolo\u010dnos\u0165 Facebook<\/p>\n<p style=\"font-weight: 400;\">Facebook koment\u00e1re \u2013 pod ka\u017ed\u00fdm \u010dl\u00e1nkom webov\u00e9ho port\u00e1lu je umiestnen\u00fd plugin pre komentovanie. Pre riadne pou\u017e\u00edvanie tejto technol\u00f3gie nezhroma\u017e\u010fujeme \u017eiadna d\u00e1ta o pou\u017e\u00edvate\u013eoch, tieto \u00fadaje spracov\u00e1va v r\u00e1mci vlastn\u00fdch obchodn\u00fdch podmienok spolo\u010dnos\u0165 Facebook; pou\u017e\u00edvate\u013eom zverejnen\u00fd koment\u00e1r, meno pou\u017e\u00edvate\u013ea, profilov\u00e1 fotografia pou\u017e\u00edvate\u013ea a odkaz jeho online profil na soci\u00e1lnej sieti je v\u0161ak vidite\u013en\u00fd pre ka\u017ed\u00e9ho in\u00e9ho n\u00e1v\u0161tevn\u00edka webov\u00e9ho port\u00e1lu.<\/p>\n<p style=\"font-weight: 400;\">Tla\u010didlo Facebook like \u2013 tla\u010didlo pri \u010dl\u00e1nkoch, prostredn\u00edctvom ktor\u00e9ho je mo\u017en\u00e9 ozna\u010di\u0165 v r\u00e1mci pravidiel soci\u00e1lnej siete Facebook obsah webov\u00e9ho port\u00e1lu titulom \u201ep\u00e1\u010di sa mi\u201c. Pre riadne pou\u017e\u00edvanie tejto technol\u00f3gie nezhroma\u017e\u010fujeme \u017eiadna d\u00e1ta o pou\u017e\u00edvate\u013eoch, tieto \u00fadaje spracov\u00e1va v r\u00e1mci vlastn\u00fdch obchodn\u00fdch podmienok spolo\u010dnos\u0165 Facebook.<\/p>\n<p>&nbsp;<\/p>\n<p style=\"font-weight: 400;\">5) Newsletter<\/p>\n<p style=\"font-weight: 400;\">S\u00fa\u010das\u0165ou komunika\u010dn\u00e9ho kan\u00e1la webov\u00fdch str\u00e1nok je aj slu\u017eba Newsletter, ktor\u00e1 je zria\u010fovan\u00e1 spolo\u010dnos\u0165ou The Rocket Science Group prostredn\u00edctvom jej slu\u017eby Mailchimp.<br \/>\nV r\u00e1mci slu\u017eby Newsletter zasiela vydavate\u013e prostredn\u00edctvom elektronickej po\u0161ty na adresu uveden\u00fa pou\u017e\u00edvate\u013eom (e-mailov\u00e1 adresa) inform\u00e1ciu vo forme elektronick\u00e9ho listu (e-mail), \u010falej iba \u201enewsletter\u201c. Slu\u017eba Newsletter sa poskytuje bezplatne a je \u010dasovo neobmedzen\u00e1.<\/p>\n<p style=\"font-weight: 400;\">Podmienkou pou\u017e\u00edvania slu\u017eby Newsletter je, aby pou\u017e\u00edvate\u013e vlastnil po\u010d\u00edta\u010d alebo in\u00e9 multimedi\u00e1lne zariadenie s internetov\u00fdm pripojen\u00edm a mal akt\u00edvny \u00fa\u010det elektronickej po\u0161ty (e-mail).<\/p>\n<p style=\"font-weight: 400;\">Prev\u00e1dzkovate\u013eom osobn\u00fdch \u00fadajov pou\u017e\u00edvate\u013eov \u2013 jednotlivcov poskytnut\u00fdch v s\u00favislosti s pou\u017e\u00edvan\u00edm slu\u017eby Newsletter je spolo\u010dnos\u0165 The Rocket Science Group prostredn\u00edctvom jej slu\u017eby Mailchimp.<\/p>\n<p style=\"font-weight: 400;\">Prev\u00e1dzkovate\u013e webov\u00fdch str\u00e1nok nie je vlastn\u00edkom a ani dr\u017eite\u013eom e-mailov\u00fdch adries a ani ich neposkytuje \u010fal\u0161\u00edm spolo\u010dnostiam \u010di osob\u00e1m.<\/p>\n<p style=\"font-weight: 400;\">Pou\u017e\u00edvate\u013e m\u00f4\u017ee kedyko\u013evek, bez uvedenia d\u00f4vodu a bez toho, aby mu vznikli ak\u00e9ko\u013evek n\u00e1klady, zmeni\u0165 predch\u00e1dzaj\u00facu adresu elektronickej po\u0161ty (e-mailov\u00e1 adresa), na ktor\u00fa sa zasiela newsletter alebo zru\u0161i\u0165 slu\u017ebu Newsletter kliknut\u00edm na odkaz \u201eZru\u0161i\u0165 odber\u201c, ktor\u00fd sa nach\u00e1dza v p\u00e4te ka\u017ed\u00e9ho newsletteru a n\u00e1sledne zru\u0161enie tohto odberu po otvoren\u00ed webstr\u00e1nky slu\u017eby Mailchimp tento odber zru\u0161i\u0165.<\/p>\n<p style=\"font-weight: 400;\"><em>Platn\u00e9 od 24. 5. 2018, verzia 1.0.0<\/em><\/p>\n<p style=\"font-weight: 400;\">\n","protected":false},"excerpt":{"rendered":"<p>\u00davodn\u00e9 ustanovenia Tento dokument (\u010falej iba \u201ePoriadok\u201c) ur\u010duje pravidl\u00e1 pou\u017e\u00edvania webov\u00fdch str\u00e1nok: www.slovaklinesmagazin.sk Prev\u00e1dzkovate\u013eom osobn\u00fdch \u00fadajov pou\u017e\u00edvate\u013eov \u2013 jednotlivcov poskytnut\u00fdch v s\u00favislosti s pou\u017e\u00edvan\u00edm webstr\u00e1nky je vydavate\u013e: Victor &amp; Victor, Viktor Cicko. Sib\u00edrska 25, 83102 Bratislava. vydavate\u013estvo@slovaklinesmagazin.sk, viktor@pcspace.sk, 0905624873 Vydavate\u013e spracov\u00e1va zhroma\u017e\u010fovan\u00e9 osobn\u00e9 \u00fadaje v s\u00falade s ustanoveniami Nariadenia Eur\u00f3pskeho parlamentu a Rady (E\u00da) \u010d. [&hellip;]<\/p>\n","protected":false},"author":7,"featured_media":0,"parent":0,"menu_order":0,"comment_status":"closed","ping_status":"closed","template":"","meta":{"footnotes":""},"class_list":["post-92988","page","type-page","status-publish","hentry","eq-blocks"],"_links":{"self":[{"href":"https:\/\/www.slovaklinesmagazin.sk\/cms\/wp-json\/wp\/v2\/pages\/92988","targetHints":{"allow":["GET"]}}],"collection":[{"href":"https:\/\/www.slovaklinesmagazin.sk\/cms\/wp-json\/wp\/v2\/pages"}],"about":[{"href":"https:\/\/www.slovaklinesmagazin.sk\/cms\/wp-json\/wp\/v2\/types\/page"}],"author":[{"embeddable":true,"href":"https:\/\/www.slovaklinesmagazin.sk\/cms\/wp-json\/wp\/v2\/users\/7"}],"replies":[{"embeddable":true,"href":"https:\/\/www.slovaklinesmagazin.sk\/cms\/wp-json\/wp\/v2\/comments?post=92988"}],"version-history":[{"count":7,"href":"https:\/\/www.slovaklinesmagazin.sk\/cms\/wp-json\/wp\/v2\/pages\/92988\/revisions"}],"predecessor-version":[{"id":92996,"href":"https:\/\/www.slovaklinesmagazin.sk\/cms\/wp-json\/wp\/v2\/pages\/92988\/revisions\/92996"}],"wp:attachment":[{"href":"https:\/\/www.slovaklinesmagazin.sk\/cms\/wp-json\/wp\/v2\/media?parent=92988"}],"curies":[{"name":"wp","href":"https:\/\/api.w.org\/{rel}","templated":true}]}}